21)) + -4
-31
What is the value of -23 - (1 - -31) - -23?
-32
Evaluate -29 + (-7 - (19 - 57)) + -83.
-81
Calculate (((-1 - -11) + 0 - -1) + -188 - -10) + 16.
-151
Evaluate -1 + 3 + 0 - (-41 - -69).
-26
Evaluate 11 - (-56 + 95 + -42 + 7).
7
What is the value of 32 - (-1 - (-173 + 3 + 42))?
-95
(0 - -2) + (-15 - (35 - (31 - -74)))
57
21 + (39 - (-8 - -35)) + 1 + 0
34
What is (-66 - (-120 + 45)) + -17?
-8
What is the value of (6 - (-20 + 33 - 23)) + -70?
-54
Calculate (-16 - (-10 - -3 - 12)) + 0 + 9 + -29.
-17
Evaluate -14 - 12 - (-19 - -3) - 0.
-10
Evaluate (-9 + (-4 - -20) - (9 + -7)) + 38.
43
Calculate 86 + (-12 - (-75 + 82)).
67
Evaluate 93 + -81 + 53 + -79.
-14
6 + 27 + (1 - (-17 - -13) - (0 + 6))
32
Calculate -61 + 75 + -4 + (-3 - 77).
-70
-4 + (-3 - 30) + -2 + -25 + 21 + 13
-30
Evaluate (1 - (20 - 2)) + (-5021 - -5042) - (-1 + 7).
-2
Evaluate (3 - -2) + (-26 - (-111 + 89)).
1
What is the value of 72 + -113 + 82 - -16?
57
Calculate -9 - (82 + -40 - (3 - (0 + -3))) - -12.
-33
What is the value of 34 - 13 - -8 - (-1 + 14) - 74?
-58
26 - 201 - -103 - (23 + 3)
-98
What is (-76 - -26) + 10 - -41?
1
Evaluate -23 + 0 + (-58 - -35) + 48.
2
What is 94 + (-99 - (57 + -46))?
-16
40 + (-13 - ((-15 - -21) + (10 - 14)))
25
3 + 3 + -19 + 0 + (10 - 19) + -23
-45
112 - -1 - (8 + (-5 - -4 - 21 - -15))
112
25 + -8 + 43 + -22 + -34
4
-26 - (28 + 23 + (-59 - -15))
-33
-19 - ((-45 - -30) + 32 + 1)
-37
Calculate 29 - (21 - (17 - -77)).
102
Evaluate 41 + -16 + (-45 - -38).
18
Evaluate -8 - (36 - 33 - -9).
-20
What is the value of 2 - ((-21 - -8 - -22) + 5 - -16)?
-28
What is the value of (54 - (314 - 90)) + 68?
-102
27 + -40 + 11 + (2 - 2)
-2
What is the value of (-7 - -4 - 76 - 3) + (467 - 452) + -4?
-71
Evaluate -202 - -102 - -87 - -25.
12
Calculate (21 - 48) + 19 + -15 + 1.
-22
What is -64 + 73 + (-6 - 1) + -26?
-24
Calculate 6 - ((7 - 29) + 2 + -10).
36
What is 29 + (0 - 1) - (788 + -759 + -35 + -2)?
36
(-16 - (-45 + 6) - 16) + 0 + 2 - 11
-2
What is -2 + -10 + (32 - (-18 - -36)) + 30?
32
(-3 - 4) + -2 + -9 - -5 - -46
33
-23 + -2 - (-7 + 12 - 6) - (-29 - -33)
-28
What is 12 + (-61 + -19 - -36)?
-32
Evaluate 73 - (24 + -13 + -86 + 54).
94
7 + 47 + -18 + -16 - -35
55
What is 10 + ((22 - 25) + -22 - 2)?
-17
Evaluate -84 + (-149 - -37) + 44.
-152
Evaluate -175 + 179 - (1 - 11) - -24.
38
What is (-1 - 7) + 0 + 97 + -78?
11
What is the value of (33 + -26 + -54 - -26) + 55?
34
Evaluate 5 + (-9 - (-9 - -15)) - (-8 - -3 - 65).
60
Evaluate (-18 + (19 - -10) - -1) + (-6 - -36).
42
201 + -126 + (17 - 8)
84
Evaluate 1 + (6 - -40 - (152 - 177)).
72
Evaluate 20 + 8 + -46 + -7 + 21.
-4
Calculate -45 + -1 - (3280 - 3315).
-11
(3 + -21 - (23 + 14 + -48)) + (0 - 37)
-44
Calculate -63 - ((-70 - 12) + 57).
-38
1 + -18 + -1 + (18 - (-13 + 20))
-7
Evaluate 95 + -70 - (-12 - (-7 + 3)).
33
What is -66 - (-27 + (41 - 19) + 4)?
-65
Calculate 40 - (11 + -52 + 76).
5
(9 - (-36 - (24 + -56))) + (3 - (-41 - -4))
53
What is the value of -17 + (-47 + 72 - (6 - 113))?
115
-2 + -8 + -567 + 633
56
What is the value of (9 - -18) + -8 - (-27 - -78)?
-32
Evaluate 38 - -112 - 39 - -15.
126
What is the value of (-8 - 21) + (51 - 81) + 26?
-33
Calculate 26 - (84 + 101 + -85).
-74
What is the value of 5 - (-28 + (9 - (21 + -31)))?
14
Calculate (2 - -1 - 3) + 12 + -128 + 123 - -37.
44
Evaluate -32 + (83 - 35) + -25.
-9
Evaluate 8561 - 8523 - (-1 + -5).
44
What is (-406 - -381 - (-37 - -2)) + -120?
-110
What is (-32 - 15) + 114 - 46?
21
What is (15 + (-31 - (1 - 7)) - -2) + (0 - -29)?
21
Calculate (-1 - -8) + (0 - 2) + 0 + 32004 + -31959.
50
What is the value of 32 + 8 + -8 - (-7 + -16 + 21)?
34
What is the value of -7 + -49 + 38 + 28 + -1 - 30?
-21
What is the value of (-33 - (-42 + (12 - -6))) + 71 + -4?
58
What is -6 + -36 + 0 + 2 + (46 + -24 - 26)?
-44
Evaluate -7 + -10 + -15 + (4 - 0) + -18.
-46
Evaluate -15 - (22 + -15) - -30 - 12.
-4
What is 19 - ((2 - (-10 + (-10 - (-18 - 5)))) + -10)?
30
Evaluate -27 - -43 - 23 - (-1 - 28).
22
What is 438 + -395 - (3 - 2 - (-13 + 0))?
29
2 + 3 + -49 + 35 + -6
-15
What is the value of (43 + (14 - 66) - -4) + (-1 - 67)?
-73
Calculate 4 + -15 + 2 + (0 + 9 - (27 - 23)).
-4
What is the value of -88 + 21 + -17 + -8 + 33?
-59
Evaluate -7 - ((-10 - -10) + -4 + -3 + -3 + 15).
-12
Evaluate -4 - -12 - 6 - (1 - 34 - 6).
41
-95 - (-13 + (-15 + 14 - -11 - 14))
-78
Evaluate 1 + -4 + (-2 - -8) + 25 + -89.
-61
What is 114 + (-96 - 6) - (1 + -23)?
34
What is the value of 16 + -18 - (-3 + 0 + -87 + 141)?
-53
Evaluate (-102 - -8) + 21 - 29.
-102
4 - 102 - (9 + (-4 + 14 - 24))
-93
3 - 11 - (-9 + 29 - -11) - (-1 - 3)
-35
What is 14 - 8 - 11 - -15 - (50 + 1)?
-41
-43 + (-75 - (-147 + 39))
-10
Calculate 588 + -609 - (-3 - -31).
-49
Calculate -4 + (-1 + -2 - -27) + (684 - 691).
13
What is (-17089 - -17091) + (44 - (2 - (-2 - -2)))?
44
What is -15 - -146 - (-99 - -333)?
-103
Calculate (144 + -141 - (-9 + 2)) + -1.
9
What is the value of -5 - (-42 - (0 - (-17 + 4 + 3 - -15)))?
32
What is the value of -782 - -763 - (-3 + -4 + 8 + 2 + -6)?
-16
Calculate (36 - 0) + 4257 + -4337.
-44
Calculate -27 - -58 - ((29 - 15) + 9).
8
What is the value of -19 - (-37 + -20 + 39 + -22)?
21
What is the value of (2 - 1) + 19 + -20 - (168 - 151)?
-17
Calculate -134 + (-4 - (-10 + -5 + 4 + -7)) + -12.
-132
What is the value of -120 + 230 + -55 + 18?
73
Evaluate (41 - 6) + 2 - 23.
14
Evaluate 586 + -581 - (3 + -2 + -1).
5
What is 2 + 13 + (3 - (21 - 22))?
19
Evaluate -10 + 1 - (5 + (11 - 21) - 62).
58
Calculate 13 + 1 + 876 + -851 - -2.
41
What is (-3 - -7) + -16 + 8 + -63 + 9 + -3?
-61
What is 8 - (0 - ((-14 - 36) + 25))?
-17
-3 - (14 + -20 + 24) - -71
50
Evaluate (-49 - -2) + (-747 - -758).
-36
What is -64 - (-292 + (264 - 99))?
63
Calculate (21 - -5 - 39) + -4.
-17
Evaluate -34 + 15 + -15 + (5 - -107).
78
46 - (45 + (65 - 55))
-9
Evaluate 10 + (473 - 484) + (12 - (-3 + 3)).
11
Calculate -151 + (161 - 67) + 2 + -8.
-63
Calculate (30 - 22 - 11) + (13 + 40 - (2 + -1)).
49
Calculate -126 + (-54 - (71 + -280)).
29
What is 15 + (-29 - -16 - -16) + -15 + -1 + 26?
28
-6 + (-10 - -11) + -20 + -10
-35
Evaluate -66 - -2 - (-146 - -70).
12
Evaluate 360 + -467 - (-10 + -4 - 4) - (-12 - -1).
-78
(3 + 6 - (-1 - 1)) + 11
22
Evaluate 2 + -7 + 4 + (8 - (-12 - 13)).
32
Calculate (238 - 179) + -53 - (-1 - -15).
-8
Evaluate (-38 + -14 - -8) + 75.
31
Calculate -61 - (7 + -12 + (0 - -2) + -12).
-46
-51 - 3 - ((2 - 0) + -1) - (-946 + 956)
-65
((18 - (13 + -20)) + -14 - 28) + -5 + -2
-24
What is -45 + (8 - (-2 - (-9 - -7))) + -5?
-42
Evaluate (11 - (0 - 1)) + (-183 - -119) + 125.
73
Calculate -16 + 72 + -14 - (-6 + 6).
42
What is (-4 + -68 - 91) + 90?
-73
What is -59 + (-30 + -29 - -34) - -32?
-52
What is the value of -30 - (119 + -115 + 73)?
-107
What is -15 - (-3 - -5) - (7 + -12 + 23 + -16)?
-19
Evaluate (-72 - -43) + (21 - (58 + -4)).
-62
Calculate (-1 - 40) + (-184 - -164) - -7.
-54
What is the value of 2 + 0 + (20 - (29 + -2)) + -4 - -74?
65
Calculate 1415 + -1443 + (93 - -5).
70
What is the value of (0 - -47) + (-2 + 40 - 53)?
32
Evaluate 13 + (-21 - -9) + (-7 + -1 - -2) + 35.
30
15 - (-8 + (-14 - (-144 + 4)) + -10 + -15)
-78
Evaluate -85 - 3 - (-129 - -204 - 62).
-101
2866 - 2787 - (-2 + 58)
23
-44 - -45 - (-41 + (-7 - -10) + 4)
35
What is the value of -9 + 1 - (-4 + (-13 - -40) - -4)?
-35
Evaluate 38 - (-1 + 2 + -8 + 10) - -13.
48
-2093 + 2066 - (-1 + 19)
-45
-2 + (-8 - (14 - 109)) - (-5 + -12 + 5)
97
What is -27 + (29 - 36 - -35 - 1)?
0
(-3 + 6 - 24) + -605 + 642
16
What is the value of (0 - -1 - (27 - 15 - 17)) + -9 + -11?
-14
What is the value of 21 + (38 - 22) + -102 + 7 + 4?
-54
What is -9 - (-12 - (-24 - 0)) - (-122 + 88)?
13
Evaluate -231 + 192 + 50 + -54.
-43
-338 - -389 - (10 - -3)
38
-24 - (-22 + 102 - 91)
-13
What is (2 - (45 + (1 - -1))) + 14 + 6 + -17?
-42
Calculate -1 + 18 + -26 + 69.
60
Evaluate (-13 - (-1 - -1)) + -294 + 356.
49
-9 + -53 + -2 + 35
-29
What is the value of 5 - 14 - (285 + -276)?
-18
What is the value of (12 - (18 - 22)) + -3 + (-38 - -4)?
-21
What is -37 - (-31 + -45 + 70)?
-31
What is -58 - -48 - -22 - 26?
-14
Calculate (-8 - (-4 + -6)) + 8 + (67 - 48).
29
What is the value of 3 + -2 + 0 + -6 + 16 + -99 + 3?
-85
Evaluate (14 - 1) + -7 - -13.
19
(-3 - (93 + -9)) + 40
-47
-6 + -1 + -13 - 